e 13) to base 3.
-121111
Convert 11119 (base 12) to base 4.
11201211
What is 347d (base 16) in base 6?
142113
Convert 3b8a (base 16) to base 15.
47b2
321321 (base 4) to base 16
e79
What is 604b (base 14) in base 2?
100000010010011
What is -1201122110 (base 3) in base 12?
-17819
Convert 14a65 (base 11) to base 2.
101001011111110
-1210030 (base 4) to base 8
-14414
-190a (base 13) to base 2
-111010010000
Convert 7275 (base 8) to base 4.
322331
Convert -2c0 (base 15) to base 3.
-212100
-272 (base 13) to base 12
-2bb
Convert 212200 (base 3) to base 11.
531
-7f9 (base 16) to base 14
-a5b
2011101001 (base 3) to base 14
11717
Convert 3312022 (base 4) to base 11.
10922
-3110 (base 5) to base 3
-120000
-9767 (base 14) to base 3
-1022212212
What is 598 (base 10) in base 11?
4a4
What is 3402 (base 12) in base 10?
5762
Convert -14363 (base 7) to base 5.
-111330
10512 (base 8) to base 3
20001221
-977 (base 10) to base 5
-12402
Convert -7 (base 11) to base 14.
-7
-115 (base 6) to base 12
-3b
What is -3547 (base 14) in base 6?
-110535
What is -112141 (base 5) in base 15?
-12eb
Convert -8482 (base 14) to base 15.
-6b85
What is -303352 (base 6) in base 9?
-36065
What is -84e (base 16) in base 14?
-abc
-3a02 (base 15) to base 5
-344002
41172 (base 9) to base 8
64757
What is 2000220121 (base 3) in base 12?
1b1ba
56621 (base 7) to base 2
11100000100100
What is -984 (base 16) in base 8?
-4604
What is 325260 (base 7) in base 8?
157366
-296 (base 10) to base 14
-172
Convert 5024 (base 6) to base 7.
3124
-20041 (base 5) to base 4
-103313
Convert 18dd3 (base 15) to base 5.
10040443
5525 (base 8) to base 13
1422
Convert 22022 (base 3) to base 15.
ee
What is -504 (base 10) in base 3?
-200200
-2eb (base 15) to base 13
-3c8
Convert -3ca (base 13) to base 15.
-2ed
-1305 (base 6) to base 9
-405
What is 232441 (base 6) in base 14?
7437
110110110 (base 2) to base 6
2010
What is 172712 (base 8) in base 15?
1399c
Convert -4140 (base 5) to base 3.
-202012
2082 (base 11) to base 16
ac0
What is -5344 (base 9) in base 8?
-7530
101413 (base 6) to base 8
17721
What is -df10 (base 16) in base 15?
-11dbe
What is a196 (base 12) in base 5?
1030123
What is -3a1f (base 16) in base 7?
-61244
249a7 (base 12) to base 3
2112022201
What is -37e (base 15) in base 6?
-3402
What is -456 (base 9) in base 14?
-1cb
-102022201 (base 3) to base 11
-6224
What is -2192 (base 12) in base 10?
-3710
What is -21a8 (base 13) in base 4?
-1021131
-8169 (base 13) to base 7
-102663
What is -146322 (base 7) in base 9?
-43243
Convert 2156 (base 11) to base 16.
b1c
What is 1515 (base 11) in base 14?
9d6
Convert -1010000101011101 (base 2) to base 16.
-a15d
What is 10531 (base 12) in base 15?
657d
3519 (base 10) to base 5
103034
-241033 (base 6) to base 14
-7901
What is 276 (base 8) in base 7?
361
Convert -7 (base 16) to base 2.
-111
Convert 1100110100001 (base 2) to base 10.
6561
Convert 20133 (base 4) to base 14.
2ab
21002012 (base 3) to base 9
7065
Convert -2010202210 (base 3) to base 5.
-2321424
Convert -55044 (base 6) to base 14.
-2aa0
What is -11a9b (base 12) in base 14?
-8a7d
Convert 21045 (base 6) to base 14.
1069
1156a (base 11) to base 8
40415
c63 (base 15) to base 8
5351
What is 343333 (base 5) in base 13?
5806
Convert 2220 (base 16) to base 13.
3c90
What is -794 (base 11) in base 12?
-672
What is 150 (base 7) in base 14?
60
Convert 5b42 (base 12) to base 15.
309e
Convert 114410 (base 5) to base 14.
1831
22033 (base 4) to base 14
34b
245 (base 12) to base 13
203
What is 1202200000 (base 3) in base 4?
20132331
What is 8c2e (base 15) in base 2?
111010000110000
What is 10152 (base 6) in base 16?
554
Convert 87d (base 14) to base 12.
b7b
What is -1111111111 (base 2) in base 6?
-4423
24053 (base 6) to base 10
3489
-1221 (base 6) to base 4
-10231
Convert -1040232 (base 5) to base 9.
-26853
Convert 234012 (base 5) to base 14.
3208
-75091 (base 10) to base 12
-37557
Convert -28b (base 13) to base 10.
-453
Convert -321121 (base 4) to base 15.
-114d
What is 452 (base 13) in base 14?
3b1
-1100110101010111 (base 2) to base 10
-52567
What is 222022 (base 3) in base 5?
10320
Convert -3332 (base 10) to base 3.
-11120102
What is 3030010 (base 5) in base 7?
262100
-174 (base 15) to base 4
-11032
What is 4231 (base 6) in base 9?
1271
Convert 588 (base 15) to base 7.
3440
What is -325342 (base 6) in base 4?
-12213332
Convert -332102 (base 4) to base 3.
-12110122
Convert -48ad (base 15) to base 11.
-10688
What is -2565 (base 10) in base 14?
-d13
103230 (base 4) to base 11
a46
Convert 14c9 (base 16) to base 15.
189b
Convert 725 (base 8) to base 12.
331
What is 4026 (base 7) in base 3?
1220120
1202122 (base 3) to base 6
5542
2204 (base 7) to base 4
30110
Convert -4b78 (base 12) to base 8.
-20614
-78903 (base 10) to base 8
-232067
What is -10001 (base 4) in base 16?
-101
What is 1302131 (base 4) in base 9?
11038
What is -323123 (base 4) in base 11?
-2948
Convert -426 (base 13) to base 8.
-1304
Convert -65 (base 14) to base 5.
-324
What is -14020 (base 5) in base 16?
-46f
What is 1001000100101 (base 2) in base 11?
3543
-2335 (base 7) to base 3
-1011211
10002 (base 7) to base 14
c39
What is -1133 (base 7) in base 6?
-1532
What is 12013 (base 6) in base 2?
11011001001
Convert 3554 (base 7) to base 15.
5c8
243 (base 14) to base 12
317
Convert 45206 (base 7) to base 14.
423d
-1022010021 (base 3) to base 5
-1304403
What is 1b77 (base 14) in base 12?
2a91
What is 354223 (base 6) in base 12?
15973
-250 (base 11) to base 2
-100101001
-1a7 (base 12) to base 8
-417
Convert 24d (base 15) to base 10.
523
-110012011 (base 3) to base 7
-34624
110011001 (base 2) to base 7
1123
Convert -1101011011110 (base 2) to base 16.
-1ade
-1929a (base 12) to base 16
-8f56
-a60 (base 13) to base 15
-7cd
Convert 703 (base 8) to base 12.
317
Convert 1010010111111 (base 2) to base 5.
132221
Convert -112 (base 10) to base 3.
-11011
What is -20101213 (base 4) in base 12?
-17747
-111011110010 (base 2) to base 13
-1984
Convert 140453 (base 6) to base 15.
3d5c
-2302 (base 8) to base 16
-4c2
-10000000001 (base 2) to base 5
-13100
Convert -1001111101101101 (base 2) to base 12.
-1b751
Convert 1c9 (base 16) to base 14.
249
What is -1422 (base 7) in base 5?
-4210
Convert 101 (base 13) to base 10.
170
Convert -625 (base 10) to base 3.
-212011
What is 3991 (base 11) in base 10?
5182
Convert 16b (base 15) to base 3.
110002
Convert -1b2a7 (base 12) to base 7.
-225040
-10200 (base 3) to base 13
-78
What is 2101 (base 5) in base 2?
100010100
What is -10120012 (base 3) in base 7?
-10400
What is -a15 (base 16) in base 6?
-15541
8188 (base 9) to base 7
23321
Convert 527 (base 16) to base 10.
1319
-9390 (base 12) to base 7
-64626
What is 1010001110 (base 2) in base 9?
806
What is 34203 (base 5) in base 7?
10036
37950 (base 11) to base 13
1b9a5
3242 (base 15) to base 7
43004
Convert -1053 (base 8) to base 15.
-270
Convert 1010133 (base 4) to base 6.
32143
Convert 235 (base 14) to base 15.
1e4
436 (base 11) to base 7
1345
Convert -10101001111 (base 2) to base 7.
-3651
Convert 10000001110000 (base 2) to base 15.
26d9
Convert -112211200 (base 3) to base 11.
-8145
Convert 715 (base 10) to base 8.
1313
Convert -123010 (base 5) to base 9.
-6463
26541 (base 7) to base 11
53a6
What is 2325 (base 9) in base 8?
3274
Convert -1101131 (base 5) to base 6.
-223324
What is 1320 (base 10) in base 8?
2450
1011111110010000 (base 2) to base 3
2111021022
Convert 458 (base 13) to base 7.
2120
What is 530 (base 10) in base 6?
2242
Convert 3465 (base 13) to base 12.
4306
What is 200122 (base 3) in base 14?
27d
13010 (base 10) to base 15
3cc5
Convert -575 (base 12) to base 6.
-3425
-12140 (base 5) to base 6
-4132
Convert -10452 (base 6) to base 12.
-a28
-442 (base 13) to base 9
-1001
What is ba1 (base 13) in base 9?
2651
502 (base 6) to base 3
20202
What is 1022222 (base 3) in base 6?
4255
What is 27845 (base 9) in base 16?
49e2
What is -54503 (base 6) in base 9?
-11283
What is -1e6 (base 16) in base 6?
-2130
Convert -2ed5 (base 15) to base 10.
-10100
101010000 (base 2) to base 4
11100
-1aab (base 13) to base 7
-14513
38 (base 10) to base 8
46
20311 (base 4) to base 5
4230
Convert -23010 (base 7) to base 4.
-1123032
What is -21212310 (base 4) in base 10?
-39348
Convert 1311 (base 8) to base 16.
2c9
Wha